n be ((-390)/45)/(4/(-6)). Suppose 5*x = -c + 3 + n, -3*c = -4*x - 86. What is the units digit of c?
6
Let w = 32 - 3. What is the tens digit of w?
2
Let x = 902 - 571. What is the tens digit of x?
3
Let a = -9 - -13. Let d be 4 + 3 + (1 - 0). Suppose -4 = -a*f + d. What is the units digit of f?
3
Suppose -3*z + 2*z = -4. Suppose j + z = 2*j. What is the units digit of j?
4
Suppose -5*g - 17 = 3*u + u, -12 = 4*u. Let x be (0*g/(-2))/2. Suppose -5*n + 5 = 3*b, n - 3*b - 1 = -x*n. What is the units digit of n?
1
Let p = 215 - 86. What is the tens digit of p?
2
Let b = -359 - -522. What is the units digit of b?
3
Suppose 4*z - 24 = 4*v, 3*z = 4*v - 3*v + 2. Let o(g) = -3*g + 11. What is the tens digit of o(v)?
3
Let a(m) = 15*m**2. What is the units digit of a(1)?
5
Let y(r) = 11*r**2 - 2*r - 2. What is the tens digit of y(-1)?
1
Suppose -5*n = -3*n - 90. Suppose -3*p - 6 = -n. What is the tens digit of p?
1
Let j(t) = -t**3 - 5*t**2 + 4*t - 5. Let k be j(-6). What is the units digit of 1 + -1 + k + 0?
7
Suppose 445 = 16*y - 11*y. What is the tens digit of y?
8
Let u = -50 + 169. What is the hundreds digit of u?
1
Let h(d) = 4*d**2 - 6*d + 7. What is the units digit of h(3)?
5
Suppose 3*w + 2*v - 5*v = 12, -3*w = 4*v - 5. Suppose w*n = 23 + 19. What is the tens digit of n?
1
Suppose -3*n - 10 + 37 = 0. Suppose 0 = 4*f - n*f. Suppose 4*b = -5*p - f*b + 27, p + 2*b = 3. What is the units digit of p?
7
Suppose j + 10 = 3*j. Let f(a) = 4 - 3 - j + 4*a. What is the units digit of f(3)?
8
Suppose 4*c = 16, -4*v = -3*c - 190 + 42. Suppose 65 = 5*q + 5*a, 2*q - 3*a - 2*a = v. What is the units digit of q?
5
Let k be (-4)/18 - 2064/(-54). Suppose -4*t + 30 = 2*b, 3*b - k = -4*t + 7. What is the tens digit of b?
1
Let k(p) = -p + 2. Suppose 7*x - 39 = 4*m + 2*x, -3*m - x = 34. What is the units digit of k(m)?
3
Let k(c) be the third derivative of -c**5/60 + c**4/4 - c**3/6 - c**2. What is the units digit of k(5)?
4
Let f = 71 - -57. What is the units digit of f?
8
Let u = 5 - 3. Suppose u*q + z = 3*z + 106, -q + 58 = -2*z. Suppose -4*k - 2*n + q = k, 5*n - 36 = -2*k. What is the units digit of k?
8
Let q = 1 - 1. Let n(f) = f**3 - f**2 - f + 4. Let i be n(q). Let y = i - 3. What is the units digit of y?
1
Let x(o) = 5*o**2 + 2*o - 3. Let a be x(-5). Suppose 8*m - a = 4*m. What is the units digit of m?
8
Suppose 0 = -3*j - p + 7, -4*j + p - 1 = -5*j. Suppose -u - 6 = -4*u. Suppose u*z = j*z - 3*b + 7, 3*z - 19 = -b. What is the units digit of z?
5
Suppose 2*o + 620 = 6*o. Suppose -3*n - 2*n + o = 0. What is the tens digit of n?
3
Let z(r) = -r**2 - 15*r + 8. Let j be z(-8). Let p = -3 + 5. What is the units digit of 3/p*j/6?
6
Suppose -5*s = -7*s + 12. Let n be (-9)/1*s/(-18). Suppose -4 = -n*j + 11. What is the units digit of j?
5
Suppose 6*w + 53 = -7. Let c = -9 - w. What is the units digit of c?
1
Let x(w) = -8*w + 23. What is the tens digit of x(-5)?
6
Let k be ((-12)/8)/((-6)/(-8)). What is the units digit of ((-2)/k)/((-2)/(-14))?
7
Let z = -3 - 31. Let m be (-2)/(-6) - (-286)/6. Let n = m + z. What is the tens digit of n?
1
Let n = 17 - -8. What is the tens digit of n?
2
Suppose -3*p + 3 + 6 = 0. Suppose -r = p*r. Suppose 4*q + 5*v - 36 = 0, r = 3*q + 3*v - 0*v - 24. What is the units digit of q?
4
Let z be (-3)/9*-3 - 8. Let g = 5 - z. What is the tens digit of g?
1
Let k be 116/16*8/2. Suppose 2 - k = -3*a. What is the units digit of a?
9
Let a(n) = 3*n + 1. Let g be a(1). Suppose g*w + 232 = -56. What is the units digit of w/(-20)*(-5)/(-2)?
9
Let i(v) be the third derivative of -v**6/120 + v**5/15 - v**4/12 - v**3/3 - v**2. What is the units digit of i(3)?
1
Let o(y) = 10148*y. Let z(t) = 43*t. Let q(s) = 2*o(s) - 473*z(s). What is the units digit of q(-1)?
3
Suppose -5*d = -2*q - 2*d + 213, 3*d = 5*q - 546. Suppose a - q = -2*a. What is the units digit of a?
7
Let t(j) = 2*j**2 - 5*j - 1. Let w be t(4). Suppose 2*p - p = w. What is the tens digit of p?
1
Let q = -2 - -9. Suppose -3*p = -4*x - 2, 5*p = 2*p - 2*x + 8. Suppose q*o - p*o = 40. What is the units digit of o?
8
Let o = 40 - -28. What is the tens digit of o?
6
Suppose -5*x - 181 = -10*x + 3*a, -4*x - 5*a = -130. Suppose -5*q + 179 = -4*c, c + 177 = 5*q - c. Suppose -5*p + q = -x. What is the tens digit of p?
1
Let c(w) = -w**2 + 6*w - 6. What is the units digit of c(4)?
2
Let v be 1 + -1 + (0 - -2). Suppose -v*s + 3*a + 31 = 3*s, 4*s + 4*a - 44 = 0. Suppose 14 = 2*q - s. What is the units digit of q?
1
Let z be 13 - (-1)/1*-2. Suppose -5 = 3*i - z. What is the units digit of i?
2
Let m(a) = -a**2 + 8*a - 3. Let b be m(7). Let c(n) = n**3 - 5*n**2 + 4*n + 4. What is the units digit of c(b)?
4
Suppose 0 = 4*i - 37 - 19. Let o = 19 - 9. Let m = i - o. What is the units digit of m?
4
Suppose 2*u + 7 = 113. What is the units digit of u?
3
Suppose 0 = -4*j + 7 + 1. What is the tens digit of j*(1 - 2)*-14?
2
Let s = 175 + -61. What is the tens digit of s?
1
Let h(w) = -3*w**3 + 2*w + 2. Let p be h(-2). What is the tens digit of (p/2)/(2 + -1)?
1
Let x = -8 - -12. What is the tens digit of (-260)/(-22) + x/22?
1
Suppose 0*j - 24 = -j - 5*g, 5 = 5*j + 2*g. Suppose 16 - 4 = 3*n. Let t = n + j. What is the units digit of t?
3
Let j = 13 + 0. What is the units digit of j?
3
Suppose 0 = 5*t - 3*t. Let l be 6 + 0*(2 - 3). Suppose r + 1 - l = t. What is the units digit of r?
5
Let t(o) = 4*o - 1. Let a be t(2). Let p(g) = -g**3 - 7*g**2 - 7*g - 6. Let n be p(-6). Suppose n = 4*i + 4, 2*c + 3*i + 2 = a. What is the units digit of c?
4
Let q(l) = 18*l + 18. What is the tens digit of q(8)?
6
Suppose 5*z = 2*r + 75, -20 = 3*z - 2*r - 69. What is the tens digit of z?
1
Let q be -1*(0 + 1) - -13. Let r = q - -2. Let g = 23 - r. What is the units digit of g?
9
Suppose 12 = -4*j, -j - 519 = -5*a - 3*j. Suppose 4*b - o - a = 0, -3*b + 0*b = -5*o - 83. What is the units digit of b?
6
What is the tens digit of (-1612)/(-20) + -1 + (-2)/(-5)?
8
Let u be 255/20 + (-2)/(-8). Suppose -4*j + u = -5*x - 4, 8 = 2*j - 2*x. Suppose -j*q - w = -6 - 18, -q + 10 = w. What is the units digit of q?
7
Suppose 11 = 3*l - 4*v, l + 5*v - 5 = 5. Suppose l*b + 18 = 7*b. What is the units digit of b?
9
Suppose 3*u + 0*z - 216 = 3*z, -202 = -3*u - 4*z. Suppose -3*q - 7*n + 3*n = -119, 0 = -2*q + 2*n + u. What is the tens digit of q?
3
Suppose -4*m = -7*m. Suppose -2*p + w + 5 - 1 = m, 5*p + w - 10 = 0. What is the units digit of p?
2
Let t(z) = 3*z. Let n be t(6). Suppose h - n = -2*h. What is the units digit of h?
6
Suppose 4 = -v + 2*v. Suppose -3*m - v = -13, 0 = -r - m + 14. What is the units digit of r?
1
Suppose 3*u + 5 = -1. Let k = -7 - -10. What is the units digit of ((-12)/k)/(u/4)?
8
Suppose -3*q + 36 - 9 = 0. Let l = q - -6. What is the units digit of l?
5
What is the units digit of (-4)/10 + 81/15?
5
Suppose 4*o - 3*o = 3. Suppose 3*f - v + o*v = 4, 0 = 2*f + v - 3. What is the units digit of f?
2
Suppose -4*x + 0*x + 56 = 0. Suppose c = -p + 20, -3*c - 56 = -3*p - x. What is the units digit of p?
7
What is the tens digit of (4/(-6))/(26/(-1599))?
4
Suppose -5*d - 2*j = -41, d + 2*j = 6*d - 29. Let u = d + -4. What is the units digit of u?
3
Suppose -4*j = 3*y - 0*y - 190, -5*j = 3*y - 239. What is the units digit of j?
9
Let u be (14/(-8))/((-3)/12). Let b = u - 0. What is the units digit of b?
7
Let f = 87 + -19. What is the units digit of f?
8
Suppose 0 = -14*m + 1010 + 376. What is the tens digit of m?
9
Suppose -16 = -3*x + 5*k, 0*k = 4*k - 4. Suppose 0 = 2*w - 4*i - 62, -x*w - 4*i = -2*w - 127. What is the units digit of w?
7
Let h(q) = -1 + 4*q**2 + 3*q - 2*q + 0*q. Suppose -5*u = 3*x + 22, 2*u + 0*x + 12 = -2*x. What is the units digit of h(u)?
3
Suppose 0 = -4*j + 5*a - a - 12, 0 = 5*j + 2*a + 8. What is the units digit of j/1 - -2 - -35?
5
Let m = 5 - 5. Suppose m = -2*h - 0*h + 42. What is the units digit of h?
1
Let t = -44 + 67. What is the tens digit of t?
2
Suppose -z - z + 50 = 0. Suppose p + 6 = z. What is the units digit of p?
9
Suppose 0 = -l + 4*u + 11, -5*u - 15 + 3 = -l. Let x = l + -4. What is the tens digit of ((-21)/9 - x)*-3?
1
What is the units digit of 1 - (-86 + 1) - 3?
3
Let g(r) = 4*r**2 - 40*r - 4. What is the units digit of g(12)?
2
Let j = 5 + -7. What is the units digit of 176/20 